 is -2232312321 - 3?
-2232312330
In base 8, what is 36 - -4141?
4177
In base 2, what is -110011001100100011 - -10?
-110011001100100001
In base 5, what is 22033014 - 41?
22032423
In base 10, what is -3503 + 97?
-3406
In base 7, what is 11 + 1160042?
1160053
In base 9, what is -100643 + 63?
-100570
In base 11, what is -4227 - 12?
-4239
In base 15, what is 8b86 - -4?
8b8a
In base 11, what is 88 - 200?
-123
In base 11, what is aa1 + 274?
1265
In base 15, what is -6 + 2718?
2712
In base 10, what is 948 - 984?
-36
In base 6, what is 13110 - 12?
13054
In base 9, what is -118261 + -5?
-118266
In base 10, what is -132 + 72?
-60
In base 4, what is -3311 - -2231?
-1020
In base 16, what is 4a + 3313?
335d
In base 12, what is -62 + -2b?
-91
In base 13, what is -4 + 5422?
541b
In base 5, what is 2 + -4141114?
-4141112
In base 16, what is -18 + 7c?
64
In base 12, what is -147 - -46?
-101
In base 16, what is 4 + -520a?
-5206
In base 11, what is -112 + -8397?
-84a9
In base 15, what is 2 + 22dcd?
22dd0
In base 14, what is -4521d + 0?
-4521d
In base 8, what is -155 + -2203?
-2360
In base 12, what is -2189 + 1b?
-216a
In base 5, what is 22003 - -301?
22304
In base 6, what is 2444 + 20?
2504
In base 13, what is -6259 + -5?
-6261
In base 9, what is 1325 - 18?
1306
In base 7, what is -124 - 2420?
-2544
In base 4, what is 302 - 2003312?
-2003010
In base 15, what is 4 + 11944?
11948
In base 4, what is 110303 - 23?
110220
In base 14, what is -467 - 1c3?
-64a
In base 16, what is -7138 + 19?
-711f
In base 5, what is -3 + -1113304?
-1113312
In base 15, what is -13 - ea6?
-eb9
In base 12, what is 282292 + 1?
282293
In base 6, what is -400305 + -152?
-400501
In base 4, what is -30 + 2101?
2011
In base 4, what is -3130 + -1320301?
-1330031
In base 3, what is 111221112 - -11212?
112010101
In base 2, what is 11110100010111 - -1010100?
11110101101011
In base 12, what is 184 - -2475?
2639
In base 8, what is 170 + -7264?
-7074
In base 2, what is 1001011000100010110 + -1?
1001011000100010101
In base 7, what is -5 - 513652?
-513660
In base 2, what is 100100110001010000 + 110?
100100110001010110
In base 8, what is 44051 + 21?
44072
In base 9, what is -150 - 216?
-366
In base 14, what is 3 - -99440?
99443
In base 16, what is 312e - 5?
3129
In base 13, what is 61 - 162?
-101
In base 12, what is -13 - 14158?
-1416b
In base 3, what is -2112 + -12202211?
-12212100
In base 7, what is 1 + -3514205?
-3514204
In base 10, what is 54 + 732?
786
In base 14, what is 26840 + 7?
26847
In base 15, what is 98903c + 1?
98903d
In base 16, what is 3f9dee + -5?
3f9de9
In base 3, what is -2002 - 1100012?
-1102021
In base 12, what is -2715 + -72?
-2787
In base 9, what is 16 - -8514?
8531
In base 10, what is 4 + 117094?
117098
In base 14, what is -18 - -101b9?
101a1
In base 16, what is -1605 + -141?
-1746
In base 2, what is -1000100100010 + 10101?
-1000100001101
In base 11, what is 4 - -6546?
654a
In base 5, what is -101 + -12343?
-12444
In base 12, what is 6159 + -50?
6109
In base 9, what is -16 - 40423?
-40440
In base 14, what is 21b + -5cd3?
-5ab6
In base 14, what is 12 + -bcd6?
-bcc4
In base 16, what is 39 + 401?
43a
In base 15, what is 5 + 699b?
69a1
In base 10, what is -4 - 13422?
-13426
In base 12, what is -59 + -5ba?
-657
In base 2, what is 10000 - -1111010?
10001010
In base 11, what is -641181 - 3?
-641184
In base 10, what is -307 - 99?
-406
In base 3, what is 111 - 1000122?
-1000011
In base 15, what is 0 + 5a25?
5a25
In base 4, what is 30313212 + -1?
30313211
In base 14, what is -2a1972 + -1?
-2a1973
In base 12, what is 45 + 97?
120
In base 11, what is -65 - -518?
463
In base 11, what is -2365 - -10?
-2355
In base 3, what is 12202000010010 - 0?
12202000010010
In base 5, what is 2 - -1243332?
1243334
In base 15, what is 5 + 2d62?
2d67
In base 10, what is 328474 - -7?
328481
In base 11, what is 1209 - -254?
1462
In base 9, what is 1400 + -40?
1350
In base 6, what is -210514 + 344?
-210130
In base 11, what is -5 + 2a114?
2a10a
In base 8, what is 45 - 363?
-316
In base 11, what is 9a6 + 154?
104a
In base 15, what is -19c79 - -1?
-19c78
In base 9, what is -7 - 18642?
-18650
In base 6, what is -222355 + 144?
-222211
In base 3, what is 202220 + 1201?
211121
In base 3, what is -112 + 1200121101?
1200120212
In base 12, what is 41717 + 2?
41719
In base 3, what is -20 + 210112020?
210112000
In base 14, what is -2 - 4d760?
-4d762
In base 8, what is -10524604 - -2?
-10524602
In base 13, what is 10214 - -43?
10257
In base 2, what is 110 + 101111101001011?
101111101010001
In base 15, what is -297d - -2ec?
-2681
In base 11, what is -2 + 94425?
94423
In base 16, what is -97 + 1c3?
12c
In base 6, what is -321 - -204?
-113
In base 11, what is -185750 - 4?
-185754
In base 8, what is 26 - -363?
411
In base 9, what is -55 - 1450?
-1515
In base 6, what is -1305430 + 55?
-1305331
In base 12, what is 2 - 23367?
-23365
In base 15, what is -2604 + -4?
-2608
In base 15, what is -1c + -4a03?
-4a20
In base 7, what is -2 - 63654?
-63656
In base 13, what is -20274 - -30?
-20244
In base 13, what is -7 - -86aa2?
86a98
In base 5, what is 1232 + 1312?
3044
In base 3, what is 1022102 - -1101?
1100210
In base 4, what is -322021232 - -11?
-322021221
In base 3, what is -11 + -1020012021?
-1020012102
In base 11, what is -4 - -448?
444
In base 16, what is 5a52 + -2?
5a50
In base 5, what is 34313 - 300?
34013
In base 4, what is 10011231 + -1?
10011230
In base 10, what is -23 + -1800?
-1823
In base 9, what is -10237 + 10?
-10227
In base 12, what is 0 + b402?
b402
In base 15, what is -1e2 - -7b?
-166
In base 15, what is -2 - da79?
-da7b
In base 13, what is 1 + -36308?
-36307
In base 3, what is 10 + 112012112?
112012122
In base 5, what is -11131201 + -10?
-11131211
In base 6, what is 5 + 25430033?
25430042
In base 2, what is 10010010011110111010 + -101?
10010010011110110101
In base 7, what is 5 - -204323?
204331
In base 2, what is 10001010111 + -111?
10001010000
In base 6, what is -25 - 312151?
-312220
In base 10, what is 1 + 5433?
5434
In base 15, what is 7aa14 + 4?
7aa18
In base 13, what is -1862 - -9a?
-1795
In base 7, what is 4241236 + 2?
4241241
In base 3, what is -11010002 - 1112?
-11011121
In base 14, what is -138 + -5da?
-734
In base 6, what is -1032315 + -15?
-1032334
In base 6, what is 432214 + -12?
432202
In base 2, what is 1101100 - -100100111110?
100110101010
In base 9, what is 72 + -54?
17
In base 3, what is -100122200 + 10?
-100122120
In base 12, what is a84 - -18?
aa0
In base 3, what is 101220200 + -10?
101220120
In base 14, what is -3 - -50b60?
50b5b
In base 10, what is 5 + 310599?
310604
In base 4, what is 20333201 - -12?
20333213
In base 7, what is -1640 - 126?
-2066
In base 10, what is -7666 - 60?
-7726
In base 6, what is -2312453 + -4?
-2312501
In base 7, what is 111 - -46?
160
In base 2, what is -10000 - -10000010010?
10000000010
In base 11, what is 2 - 610164?
-610162
In base 7, what is 501600 - -2?
501602
In base 16, what is -2f + 351?
322
In base 10, what is -92936 + -2?
-92938
In base 3, what is -1101 - 200020222?
-200022100
In base 3, what is -12 + 20112200121?
20112200102
In base 6, what is -10 - -2111014?
2111004
In base 8, what is 31 - -42013?
42044
In base 13, what is 0 + -2139?
-2139
In base 14, what is -cb - -a6?
-25
In base 12, what is -1a729 + 0?
-1a729
In base 2, what is 100101010101001111100 - -10?
100101010101001111110
In base 7, what is 240 - -163?
433
In base 4, what is -2310 - 22223?
-31133
In base 10, what is -2657 + 0?
-2657
In base 15, what is 11c + a4?
1c1
In base 6, what is 4 - -32202005?
32202013
In base 4, what is -202213 + -1331?
-210210
In base 3, what is -20100210221 + 10?
-20100210211
In base 9, what is 12 - 3733?
-3721
In base 13, what is 5 + 2baa2?
2baa7
In base 8, what is -617 - -5016?
4177
In base 10, what is -57 - 3977?
-4034
In base 6, what is 44544 - -355?
45343
In base 13, what is c + c892?
c8a1
In base 4, what is 233320 - -1111?
301031
In base 13, what is -3253 - -6?
-324a
In base 5, what is 110000 - 121?
104324
In base 11, what is 22455a - -5?
224564
In base 8, what is 36 + -226?
-170
In base 12, what is -17 + -1599a?
-159b5
In base 13, what is 29 + 8cc?
928
In base 2, what is -101 - 100011000001111100?
-100011000010000001
In base 9, what is -7126212 + 0?
-7126212
In base 11,